3186?
1
What is the units digit of 103072525?
5
What is the billions digit of 1020243552?
1
What is the units digit of 59948143?
3
What is the ten millions digit of 8121423987?
2
What is the millions digit of 43570572?
3
What is the tens digit of 2556649079?
7
What is the millions digit of 44679863?
4
What is the hundred thousands digit of 119881243?
8
What is the ten millions digit of 96843728?
9
What is the hundreds digit of 521587834?
8
What is the thousands digit of 83526839?
6
What is the ten thousands digit of 1397375569?
7
What is the thousands digit of 28033393?
3
What is the hundred millions digit of 150325814?
1
What is the tens digit of 257138816?
1
What is the thousands digit of 191885794?
5
What is the hundreds digit of 179896621?
6
What is the billions digit of 6778138620?
6
What is the hundred thousands digit of 899679466?
6
What is the ten millions digit of 401019509?
0
What is the thousands digit of 20528413?
8
What is the hundred millions digit of 286475286?
2
What is the hundred thousands digit of 692124155?
1
What is the billions digit of 3900299373?
3
What is the ten thousands digit of 2017973?
1
What is the millions digit of 182471056?
2
What is the millions digit of 1836673?
1
What is the hundreds digit of 82692259?
2
What is the ten millions digit of 16257263?
1
What is the millions digit of 396237544?
6
What is the millions digit of 2051550331?
1
What is the millions digit of 151237982?
1
What is the units digit of 541160469?
9
What is the millions digit of 105045195?
5
What is the ten millions digit of 537057692?
3
What is the units digit of 115532381?
1
What is the thousands digit of 227465126?
5
What is the hundreds digit of 564678458?
4
What is the ten thousands digit of 783897995?
9
What is the hundred thousands digit of 47836649?
8
What is the units digit of 530401349?
9
What is the ten millions digit of 27500074?
2
What is the tens digit of 186837461?
6
What is the ten millions digit of 158391264?
5
What is the units digit of 33389148?
8
What is the billions digit of 1240073285?
1
What is the millions digit of 8141997?
8
What is the hundred millions digit of 660247540?
6
What is the hundred thousands digit of 6333653?
3
What is the ten millions digit of 599310182?
9
What is the units digit of 4049159439?
9
What is the hundreds digit of 202018780?
7
What is the ten thousands digit of 1531133698?
3
What is the tens digit of 3114938100?
0
What is the hundred thousands digit of 7372081?
3
What is the units digit of 8827532?
2
What is the hundred thousands digit of 7307146?
3
What is the thousands digit of 217734948?
4
What is the hundreds digit of 41294773?
7
What is the hundred thousands digit of 263157278?
1
What is the ten thousands digit of 892349811?
4
What is the ten thousands digit of 9708896?
0
What is the ten millions digit of 34557937?
3
What is the billions digit of 3297642421?
3
What is the units digit of 70384636?
6
What is the hundred thousands digit of 1850509446?
5
What is the tens digit of 2048832699?
9
What is the hundreds digit of 258649994?
9
What is the units digit of 152744946?
6
What is the units digit of 65640903?
3
What is the hundred millions digit of 1436834371?
4
What is the hundred thousands digit of 103942577?
9
What is the thousands digit of 2061378904?
8
What is the millions digit of 30577961?
0
What is the hundreds digit of 28225666?
6
What is the millions digit of 4083668202?
3
What is the units digit of 560296543?
3
What is the tens digit of 465148445?
4
What is the ten thousands digit of 927018126?
1
What is the ten millions digit of 2863281632?
6
What is the thousands digit of 1015613295?
3
What is the hundreds digit of 65875085?
0
What is the ten thousands digit of 62001880?
0
What is the millions digit of 61592041?
1
What is the units digit of 2213114914?
4
What is the millions digit of 22684444?
2
What is the tens digit of 70736649?
4
What is the hundred millions digit of 104776820?
1
What is the hundreds digit of 195546221?
2
What is the hundreds digit of 7443134?
1
What is the hundreds digit of 8895068091?
0
What is the units digit of 91875399?
9
What is the millions digit of 6809050?
6
What is the units digit of 204795797?
7
What is the hundred millions digit of 333441261?
3
What is the thousands digit of 176461383?
1
What is the units digit of 3428060313?
3
What is the hundred thousands digit of 52315325?
3
What is the millions digit of 296149768?
6
What is the hundred thousands digit of 6099755737?
7
What is the ten thousands digit of 333028?
3
What is the hundreds digit of 335396887?
8
What is the ten millions digit of 69445676?
6
What is the millions digit of 6577093?
6
What is the millions digit of 774119138?
4
What is the units digit of 85383948?
8
What is the thousands digit of 30274430?
4
What is the units digit of 310176317?
7
What is the thousands digit of 3703762761?
2
What is the ten millions digit of 191017811?
9
What is the thousands digit of 9684876?
4
What is the hundreds digit of 72792499?
4
What is the tens digit of 29214750?
5
What is the tens digit of 312764308?
0
What is the hundred millions digit of 427421611?
4
What is the millions digit of 791974753?
1
What is the hundreds digit of 1296310898?
8
What is the billions digit of 2268408166?
2
What is the thousands digit of 42648924?
8
What is the units digit of 327254930?
0
What is the hundred thousands digit of 171660113?
6
What is the ten millions digit of 989199354?
8
What is the hundred thousands digit of 719975097?
9
What is the thousands digit of 84374687?
4
What is the thousands digit of 2081119160?
9
What is the ten millions digit of 204245556?
0
What is the hundred millions digit of 381672899?
3
What is the millions digit of 348607269?
8
What is the hundred thousands digit of 138914389?
9
What is the hundreds digit of 2317455019?
0
What is the millions digit of 81501061?
1
What is the hundred thousands digit of 15752111?
7
What is the hundreds digit of 53530862?
8
What is the millions digit of 449763472?
9
What is the thousands digit of 139159290?
9
What is the hundred thousands digit of 89613005?
6
What is the units digit of 467988349?
9
What is the tens digit of 59255653?
5
What is the hundreds digit of 87449212?
2
What is the ten millions digit of 31652146?
3
What is the millions digit of 1455968153?
5
What is the hundred millions digit of 3047661568?
0
What is the units digit of 107170691?
1
What is the hundred millions digit of 4580988037?
5
What is the hundred millions digit of 807975419?
8
What is the ten thousands digit of 1353208059?
0
What is the ten thousands digit of 249459685?
5
What is the ten thousands digit of 172969322?
6
What is the thousands digit of 932818806?
8
What is the hundred thousands digit of 142600361?
6
What is the hundred thousands digit of 651386740?
3
What is the tens digit of 5492805255?
5
What is the hundred thousands digit of 485158685?
1
What is the tens digit of 3334292816?
1
What is the hundred millions digit of 479433786?
4
What is the units digit of 941167647?
7
What is the thousands digit of 15017037?
7
What is the ten millions digit of 29128473?
2
What is the ten thousands digit of 365698157?
9
What is the hundred thousands digit of 80988717?
9
What is the hundred thousands digit of 62898255?
8
What is the hundred thousands digit of 511811313?
8
What is the millions digit of 2620021734?
0
What is the hundred millions digit of 964974516?
9
What is the hundred millions digit of 1124683081?
1
What is the units digit of 460225684?
4
What is the hundred thousands digit of 4178900203?
9
What is the tens digit of 698446635?
3
What is the tens digit of 62461070?
7
What is the hundreds digit of 1268085515?
5
What is the tens digit of 2450124679?
7
What is the thousands digit of 55183785?
3
What is the hundred thousands digit of 21128898?
1
What is the hundred millions digit of 609339672?
6
What is the hundreds digit of 192135177?
1
What is the ten millions digit of 15649879?
1
What is the hundred thousands digit of 2328450790?
4
What is the millions digit of 30067418?
0
What is the thousands digit of 2715838?
5
What is the units digit of 3730489575?
5
What is the thousands digit of 27413441?
3
What is the hundred thousands digit of 26815861?
8
What is the u